-9. What is the greatest common factor of 1 and p?
1
Let b = 79 - -17. What is the greatest common factor of b and 12?
12
Suppose 3*j + 54 = 3*w - 0*w, w = -2*j + 21. Let y be (-444)/(-14) - 8/(-28). Let b = y - w. What is the greatest common factor of 91 and b?
13
Let u(y) = 8*y**2 - 2*y + 4. Let q be u(3). Let x = 438 + -410. What is the highest common factor of x and q?
14
Suppose 2*y + 5*a = 10, 38 = 4*y + 5*a - 2. Calculate the highest common factor of 30 and y.
15
Let b = 168 + -135. What is the greatest common factor of b and 12?
3
Let s(u) = -u + 1. Let b be s(-5). Suppose 0 = 2*l - 6 - b. Suppose 0 = 5*z - 76 + l. What is the highest common factor of 35 and z?
7
Suppose -204 = -3*f + 4*m, -3*f - 5*m - 133 = -364. Suppose -2*s + 8 = -x - 12, 2*s - 5*x - 28 = 0. What is the greatest common factor of f and s?
9
Let t(w) = 4 + 2*w + 3*w - 3*w + 0*w. Let l be t(6). Let s be 1/(-4) + 436/l. Calculate the greatest common factor of 9 and s.
9
Let w be 4/(-14) - 128/(-7). Let o = 31 + 131. Calculate the greatest common divisor of o and w.
18
Suppose -2*s = q + 2 - 1, 4*s + q - 1 = 0. Let x = 0 + 6. Let f be s/x + (-94)/(-12). What is the highest common divisor of f and 16?
8
Suppose -f + m = 1, -7 = 5*f - m + 2. Let c be f/5*26*-5. Suppose 74 = 3*b + 3*g + 20, 0 = b + 3*g - 28. What is the highest common factor of b and c?
13
Let x(z) = z**3 + 3*z**2 - 3*z - 1. Let f be x(3). Calculate the highest common factor of 88 and f.
44
Let n(w) = 3*w**2 - 4*w. Let h be n(-4). Let z(x) = -2*x - 6. Let d be z(-11). Calculate the greatest common factor of d and h.
16
Suppose -5*m + 250 = -150. What is the highest common factor of m and 16?
16
Suppose -168 + 438 = 9*s. What is the greatest common factor of s and 330?
30
Let c = 30 - 6. Calculate the greatest common factor of c and 12.
12
Suppose 0 = 5*i - r - 1, 0 = 4*i - 4*r + 13 - 1. Let c = 7 - -31. Let o be (i + -2)/((-2)/c). Calculate the greatest common divisor of o and 209.
19
Let k be (-4)/3 + (-6)/9. Let z be (27 + 0)*k/(-3). Calculate the greatest common factor of 36 and z.
18
Suppose -w - 2 = -3. Let c be 9/4 + (-1)/4. Let r = c + 1. Calculate the greatest common factor of r and w.
1
Let x(p) = 3*p**2 - 5*p + 2. Let v be x(3). What is the highest common factor of v and 126?
14
Suppose -2*q = -4 - 16. Calculate the greatest common factor of q and 50.
10
Let m be 2/((-4)/(-26) + 0). What is the highest common factor of 13 and m?
13
Let m be 47 + (2 - -5) + -6. Calculate the greatest common divisor of m and 84.
12
Let w = -401 + 100. Let q = w - -422. Let m(i) = -20*i + 71. Let u be m(3). Calculate the highest common factor of u and q.
11
Suppose -665 = -28*j + 9*j. What is the greatest common divisor of j and 385?
35
Suppose 3*v - 32 = 13. Let k be 1 + (-3 - (3 + -10)). Calculate the highest common factor of v and k.
5
Suppose 3*v = 11 + 10. What is the greatest common divisor of v and 28?
7
Let x be (-57)/(-9) - (-2)/(-6). Let j(f) = -f**3 - 7*f**2 + 7*f + 4. Let t be j(-8). Calculate the highest common divisor of t and x.
6
Suppose 4*a - 10 = 4*j - 34, 9 = -3*a. What is the greatest common factor of j and 15?
3
Let k be 4/(-14) + (-5)/7. Let w = -1 - k. Suppose -3*y - 42 = -3*x - w*y, 16 = x - 3*y. Calculate the highest common factor of x and 91.
13
Suppose 0*l - l + 11 = 5*b, 0 = -5*l - 2*b + 32. Calculate the greatest common divisor of 42 and l.
6
Let n(v) = 20*v - 10. Let g be n(4). What is the greatest common factor of g and 28?
14
Let j = 27 - 9. Calculate the highest common divisor of j and 54.
18
Let n = -9 - 0. Let r be (-2)/(-9) - 70/n. Calculate the highest common factor of 64 and r.
8
Let r = 53 - 26. Suppose 0*v + r = 3*v. What is the highest common factor of v and 9?
9
Let h = -3 - -5. Suppose 5*i - h*l - 28 = -0*i, l = -4. Calculate the greatest common factor of i and 4.
4
Let n = 100 + 107. Let b = 11 + 12. Calculate the highest common divisor of n and b.
23
Suppose -83 = -2*s + 155. Suppose 0 = k + 1 - 2. Let a = 18 - k. Calculate the greatest common divisor of a and s.
17
Suppose 4*v + 32 = 8*v. Suppose -v = -2*u + u. What is the greatest common divisor of u and 24?
8
Let d(l) = 4*l**3 + 2*l**2 - 2*l + 1. Let b be d(1). Suppose q = -b*f + 13, -f - f + 13 = q. Calculate the highest common divisor of 52 and q.
13
Let n be ((-8)/16)/((-1)/72). Calculate the greatest common divisor of 9 and n.
9
Let w = -95 + 248. Calculate the greatest common factor of w and 102.
51
Let z(x) be the third derivative of -x**4/24 + 50*x**3/3 + 4*x**2. Let v be z(0). What is the highest common factor of 20 and v?
20
Suppose 13*q - 119 = 232. Calculate the highest common divisor of q and 54.
27
Let r = -8 - -17. Let h(c) = -c**2 + 11*c - 6. Let s be h(r). What is the greatest common divisor of s and 60?
12
Let s = 35 + -25. Calculate the highest common factor of 110 and s.
10
Let o(g) = 16*g - 2 + 5 + 3 - 4. Let m be (-12)/(-9)*(-6)/(-4). Let a be o(m). Calculate the highest common factor of a and 17.
17
Let g be (1 - 10)*1*-1. Calculate the highest common factor of 99 and g.
9
Let z be (3 - 0)/(6/4). Let f(t) = t**2 + 6*t + 6. Let a be f(-5). Suppose 0 = z*h, 2*g + 5*h + a = 5. Calculate the highest common divisor of 14 and g.
2
Suppose -u + 2*z = -11, -3*u = -u - 3*z - 24. Calculate the greatest common factor of u and 3.
3
Let k(x) = -x**3 - 6*x**2 - 6*x + 7. Let r be k(-5). Calculate the greatest common factor of 48 and r.
12
Let o be (-2)/(-2) + (7 - 2). What is the greatest common factor of o and 18?
6
Suppose 0 = 3*c - 12, -1 - 13 = -r - 4*c. Let q be 4 + 4/r - -48. Calculate the highest common factor of q and 10.
10
Let r(k) = -k - 3. Let m be r(-9). Suppose x + y - 48 - 19 = 0, x - 5*y = 61. What is the greatest common divisor of m and x?
6
Suppose 0 = -3*x + 6*x - 297. Let g be 16 - (-4 + -1 + 2). Suppose -5*r + g + 26 = 0. Calculate the highest common divisor of r and x.
9
Let c be 1/((-7)/6)*-112. What is the highest common factor of 12 and c?
12
Let y be (-1 - 0)/(7/238). Let z = 38 - y. What is the greatest common divisor of 18 and z?
18
Suppose -q = -4*l - 10, 0*l + 5 = -5*l. What is the greatest common divisor of 2 and q?
2
Let o = 83 + -58. Let z = 161 - 106. Let p = o + z. What is the greatest common divisor of p and 16?
16
Suppose -f = 4*c + 1, 0*f - c + 52 = 5*f. Let x = 27 - f. Suppose -709 = -4*k - 5*j, 5*k - 3*j = -j + 878. Calculate the highest common divisor of x and k.
16
Let p be 27 + -3 + 0/1. Suppose 0 = -4*c - 0*c + p. Calculate the highest common factor of c and 15.
3
Let o(z) be the first derivative of 3*z + 4/3*z**3 + 0*z**2 - 1 - 1/4*z**4. Let g be o(3). What is the highest common factor of g and 30?
6
Let h(o) = -11*o**3 - 1. Let d be h(-1). Let t(m) = 2*m + 2. Let q be t(-2). Let i be (-7 - (2 + -4))*q. Calculate the greatest common factor of i and d.
10
Let i = 9 - 8. Let j(w) = w + 1. Let c be j(i). What is the greatest common factor of c and 1?
1
Suppose 0 = -m, 0 = -3*i + 5*m + 65 + 109. What is the greatest common divisor of 29 and i?
29
Let z(y) be the first derivative of -y**4/4 + 7*y**3/3 - 3*y**2/2 - 5*y + 4. Let g be z(5). What is the highest common divisor of g and 15?
15
Let i(w) = 4*w**3 - 3*w**2 - w - 6. Let k be i(3). Calculate the highest common divisor of 9 and k.
9
Let r = -31 - -43. Let i = 7 + 23. What is the greatest common divisor of i and r?
6
Suppose 5*t - 11 - 169 = 0. Let n = t - 17. What is the highest common divisor of 114 and n?
19
Let v(o) be the first derivative of -19*o**2/2 + o - 1. Let a be 1/(-1)*2/2. Let z be v(a). What is the highest common divisor of z and 30?
10
Let d be 4/(-10)*(15 - 75). What is the greatest common factor of d and 36?
12
Let x = 6 + -10. Let h be x/(-10) + (-178)/(-5). Suppose 0 = -5*g - 6 + h. Calculate the greatest common divisor of g and 9.
3
Suppose 4*k = -3*d + 45, 2*d - 5*d - 36 = -5*k. Let m = -58 - -103. Calculate the highest common divisor of k and m.
9
Suppose 5*d + 17 = 3*v, d + 5 = -4*d. Calculate the highest common divisor of 44 and v.
4
Suppose -2*l + 7 = 5*u, 3*l - 6 = -3*u - 0*l. Calculate the highest common divisor of u and 4.
1
Let s be 1/((3 - 2) + (-20)/22). What is the greatest common divisor of 11 and s?
11
Suppose 0 = 2*l - 5*y - 38, 3*y + 30 + 27 = 5*l. Calculate the highest common f